{"id":20957,"date":"2025-07-08T15:33:59","date_gmt":"2025-07-08T20:33:59","guid":{"rendered":"https:\/\/digital.fontagro.org\/wp-content\/uploads\/2025\/07\/DDDD_Mesa-de-trabajo-1-copia-5-1-1024x1024-iTEUgJ.jpeg"},"modified":"2025-07-08T15:33:59","modified_gmt":"2025-07-08T20:33:59","slug":"idiaf-lidero-gira-tecnica-en-el-sector-agroindustrial-de-la-republica-dominicana-durante-el-xx-taller-de-seguimiento-tecnico-anual-de-proyectos-fontagro-2","status":"inherit","type":"attachment","link":"https:\/\/digital.fontagro.org\/en\/idiaf-lidero-gira-tecnica-en-el-sector-agroindustrial-de-la-republica-dominicana-durante-el-xx-taller-de-seguimiento-tecnico-anual-de-proyectos-fontagro-2\/","title":{"rendered":"IDIAF lider\u00f3 gira t\u00e9cnica en el sector agroindustrial de la Rep\u00fablica Dominicana durante el XX Taller de Seguimiento T\u00e9cnico Anual de Proyectos FONTAGRO"},"author":0,"featured_media":0,"comment_status":"open","ping_status":"closed","template":"","meta":{"_et_pb_use_builder":"","_et_pb_old_content":"","_et_gb_content_width":""},"class_list":["post-20957","attachment","type-attachment","status-inherit","hentry"],"description":{"rendered":"<p class=\"attachment\"><a href='https:\/\/digital.fontagro.org\/wp-content\/uploads\/2025\/07\/DDDD_Mesa-de-trabajo-1-copia-5-1-1024x1024-iTEUgJ.jpeg'><img loading=\"lazy\" decoding=\"async\" width=\"300\" height=\"300\" src=\"https:\/\/digital.fontagro.org\/wp-content\/uploads\/2025\/07\/DDDD_Mesa-de-trabajo-1-copia-5-1-1024x1024-iTEUgJ-300x300.jpeg\" class=\"attachment-medium size-medium\" alt=\"\" \/><\/a><\/p>\n"},"caption":{"rendered":""},"alt_text":"","media_type":"image","mime_type":"image\/jpeg","media_details":{"width":1024,"height":1024,"file":"2025\/07\/DDDD_Mesa-de-trabajo-1-copia-5-1-1024x1024-iTEUgJ.jpeg","filesize":317463,"sizes":{"medium":{"file":"DDDD_Mesa-de-trabajo-1-copia-5-1-1024x1024-iTEUgJ-300x300.jpeg","width":300,"height":300,"filesize":61422,"mime_type":"image\/jpeg","source_url":"https:\/\/digital.fontagro.org\/wp-content\/uploads\/2025\/07\/DDDD_Mesa-de-trabajo-1-copia-5-1-1024x1024-iTEUgJ-300x300.jpeg"},"thumbnail":{"file":"DDDD_Mesa-de-trabajo-1-copia-5-1-1024x1024-iTEUgJ-150x150.jpeg","width":150,"height":150,"filesize":32283,"mime_type":"image\/jpeg","source_url":"https:\/\/digital.fontagro.org\/wp-content\/uploads\/2025\/07\/DDDD_Mesa-de-trabajo-1-copia-5-1-1024x1024-iTEUgJ-150x150.jpeg"},"medium_large":{"file":"DDDD_Mesa-de-trabajo-1-copia-5-1-1024x1024-iTEUgJ-768x768.jpeg","width":768,"height":768,"filesize":202799,"mime_type":"image\/jpeg","source_url":"https:\/\/digital.fontagro.org\/wp-content\/uploads\/2025\/07\/DDDD_Mesa-de-trabajo-1-copia-5-1-1024x1024-iTEUgJ-768x768.jpeg"},"bloom_image":{"file":"DDDD_Mesa-de-trabajo-1-copia-5-1-1024x1024-iTEUgJ-610x610.jpeg","width":610,"height":610,"filesize":150166,"mime_type":"image\/jpeg","source_url":"https:\/\/digital.fontagro.org\/wp-content\/uploads\/2025\/07\/DDDD_Mesa-de-trabajo-1-copia-5-1-1024x1024-iTEUgJ-610x610.jpeg"},"et-pb-post-main-image":{"file":"DDDD_Mesa-de-trabajo-1-copia-5-1-1024x1024-iTEUgJ-400x250.jpeg","width":400,"height":250,"filesize":62062,"mime_type":"image\/jpeg","source_url":"https:\/\/digital.fontagro.org\/wp-content\/uploads\/2025\/07\/DDDD_Mesa-de-trabajo-1-copia-5-1-1024x1024-iTEUgJ-400x250.jpeg"},"et-pb-post-main-image-fullwidth":{"file":"DDDD_Mesa-de-trabajo-1-copia-5-1-1024x1024-iTEUgJ-1024x675.jpeg","width":1024,"height":675,"filesize":219106,"mime_type":"image\/jpeg","source_url":"https:\/\/digital.fontagro.org\/wp-content\/uploads\/2025\/07\/DDDD_Mesa-de-trabajo-1-copia-5-1-1024x1024-iTEUgJ-1024x675.jpeg"},"et-pb-portfolio-image":{"file":"DDDD_Mesa-de-trabajo-1-copia-5-1-1024x1024-iTEUgJ-400x284.jpeg","width":400,"height":284,"filesize":66929,"mime_type":"image\/jpeg","source_url":"https:\/\/digital.fontagro.org\/wp-content\/uploads\/2025\/07\/DDDD_Mesa-de-trabajo-1-copia-5-1-1024x1024-iTEUgJ-400x284.jpeg"},"et-pb-portfolio-module-image":{"file":"DDDD_Mesa-de-trabajo-1-copia-5-1-1024x1024-iTEUgJ-510x382.jpeg","width":510,"height":382,"filesize":93533,"mime_type":"image\/jpeg","source_url":"https:\/\/digital.fontagro.org\/wp-content\/uploads\/2025\/07\/DDDD_Mesa-de-trabajo-1-copia-5-1-1024x1024-iTEUgJ-510x382.jpeg"},"et-pb-gallery-module-image-portrait":{"file":"DDDD_Mesa-de-trabajo-1-copia-5-1-1024x1024-iTEUgJ-400x516.jpeg","width":400,"height":516,"filesize":99892,"mime_type":"image\/jpeg","source_url":"https:\/\/digital.fontagro.org\/wp-content\/uploads\/2025\/07\/DDDD_Mesa-de-trabajo-1-copia-5-1-1024x1024-iTEUgJ-400x516.jpeg"},"et-pb-image--responsive--tablet":{"file":"DDDD_Mesa-de-trabajo-1-copia-5-1-1024x1024-iTEUgJ-980x980.jpeg","width":980,"height":980,"filesize":286252,"mime_type":"image\/jpeg","source_url":"https:\/\/digital.fontagro.org\/wp-content\/uploads\/2025\/07\/DDDD_Mesa-de-trabajo-1-copia-5-1-1024x1024-iTEUgJ-980x980.jpeg"},"et-pb-image--responsive--phone":{"file":"DDDD_Mesa-de-trabajo-1-copia-5-1-1024x1024-iTEUgJ-480x480.jpeg","width":480,"height":480,"filesize":107767,"mime_type":"image\/jpeg","source_url":"https:\/\/digital.fontagro.org\/wp-content\/uploads\/2025\/07\/DDDD_Mesa-de-trabajo-1-copia-5-1-1024x1024-iTEUgJ-480x480.jpeg"},"full":{"file":"DDDD_Mesa-de-trabajo-1-copia-5-1-1024x1024-iTEUgJ.jpeg","width":1024,"height":1024,"mime_type":"image\/jpeg","source_url":"https:\/\/digital.fontagro.org\/wp-content\/uploads\/2025\/07\/DDDD_Mesa-de-trabajo-1-copia-5-1-1024x1024-iTEUgJ.jpeg"}},"image_meta":{"aperture":"0","credit":"","camera":"","caption":"","created_timestamp":"0","copyright":"","focal_length":"0","iso":"0","shutter_speed":"0","title":"","orientation":"1","keywords":[]}},"post":null,"source_url":"https:\/\/digital.fontagro.org\/wp-content\/uploads\/2025\/07\/DDDD_Mesa-de-trabajo-1-copia-5-1-1024x1024-iTEUgJ.jpeg","_links":{"self":[{"href":"https:\/\/digital.fontagro.org\/en\/wp-json\/wp\/v2\/media\/20957","targetHints":{"allow":["GET"]}}],"collection":[{"href":"https:\/\/digital.fontagro.org\/en\/wp-json\/wp\/v2\/media"}],"about":[{"href":"https:\/\/digital.fontagro.org\/en\/wp-json\/wp\/v2\/types\/attachment"}],"replies":[{"embeddable":true,"href":"https:\/\/digital.fontagro.org\/en\/wp-json\/wp\/v2\/comments?post=20957"}]}}

IDIAF lideró gira técnica en el sector agroindustrial de la República Dominicana durante el XX Taller de Seguimiento Técnico Anual de Proyectos FONTAGRO
